{"id":2480,"date":"2024-01-23T21:19:44","date_gmt":"2024-01-23T20:19:44","guid":{"rendered":"https:\/\/www.albanien.ch\/une\/wp-content\/uploads\/2024\/01\/Italian-Military-Cableway-Albania-MdlC-APOR079753.jpeg"},"modified":"2024-01-23T21:34:01","modified_gmt":"2024-01-23T20:34:01","slug":"italian-military-cableway-albania-mdlc-apor079753","status":"inherit","type":"attachment","link":"https:\/\/www.albanien.ch\/une\/italian-military-cableway-albania-mdlc-apor079753","title":{"rendered":"Italian Military Cableway in Albania 1916 Minist\u00c3\u00a8re de la Culture APOR079753"},"author":6,"featured_media":0,"comment_status":"open","ping_status":"closed","template":"","meta":{"jetpack_post_was_ever_published":false},"class_list":["post-2480","attachment","type-attachment","status-inherit","hentry"],"jetpack_sharing_enabled":true,"description":{"rendered":"<p class=\"attachment\"><a href='https:\/\/www.albanien.ch\/une\/wp-content\/uploads\/2024\/01\/Italian-Military-Cableway-Albania-MdlC-APOR079753.jpeg'><img loading=\"lazy\" decoding=\"async\" width=\"350\" height=\"254\" src=\"https:\/\/www.albanien.ch\/une\/wp-content\/uploads\/2024\/01\/Italian-Military-Cableway-Albania-MdlC-APOR079753-350x254.jpeg\" class=\"attachment-medium size-medium\" alt=\"Milit\u00c3\u00a4rische Seilbahn in Albanien im Gebiet Vjosa \u00e2\u20ac\u201c zeitgem\u00c3\u00a4sses Foto\" srcset=\"https:\/\/www.albanien.ch\/une\/wp-content\/uploads\/2024\/01\/Italian-Military-Cableway-Albania-MdlC-APOR079753-350x254.jpeg 350w, https:\/\/www.albanien.ch\/une\/wp-content\/uploads\/2024\/01\/Italian-Military-Cableway-Albania-MdlC-APOR079753.jpeg 706w\" sizes=\"auto, (max-width: 350px) 100vw, 350px\" \/><\/a><\/p>\n<p>\u00bbSur le front de la Vojussa (Dezember 1916)\u00ab<\/p>\n<p>Seilbahn-Gondel in den Bergen S\u00fcdalbaniens (Vjosa-Front, italienische Armee) mit Reporter Robert Vaucher.<\/p>\n<p>Historisches Foto der Seilbahn aus dem Archiv des franz\u00f6sischen Ministeriums f\u00fcr Kultur, 1916<\/p>\n<p>Quelle: <a href=\"https:\/\/www.pop.culture.gouv.fr\/notice\/memoire\/APOR079753\" target=\"_blank\" rel=\"noopener\">Katalog \u00bb POP : la plateforme ouverte du patrimoine \u00ab<\/a> \/ Bild Copyright-frei<\/p>\n"},"caption":{"rendered":"<p>Foto der Seilbahn in den Bergen S\u00fcdalbaniens (Vjosa-Front) mit Reporter Robert Vaucher aus dem Archiv des franz\u00f6sischen Ministeriums f\u00fcr Kultur, 1916<\/p>\n"},"alt_text":"Milit\u00c3\u00a4rische Seilbahn in Albanien im Gebiet Vjosa \u00e2\u20ac\u201c zeitgem\u00c3\u00a4sses Foto","media_type":"image","mime_type":"image\/jpeg","media_details":{"width":706,"height":512,"file":"2024\/01\/Italian-Military-Cableway-Albania-MdlC-APOR079753.jpeg","filesize":53110,"sizes":{"medium":{"file":"Italian-Military-Cableway-Albania-MdlC-APOR079753-350x254.jpeg","width":350,"height":254,"filesize":23407,"mime_type":"image\/jpeg","source_url":"https:\/\/www.albanien.ch\/une\/wp-content\/uploads\/2024\/01\/Italian-Military-Cableway-Albania-MdlC-APOR079753-350x254.jpeg"},"thumbnail":{"file":"Italian-Military-Cableway-Albania-MdlC-APOR079753-480x512.jpeg","width":480,"height":512,"filesize":41798,"mime_type":"image\/jpeg","source_url":"https:\/\/www.albanien.ch\/une\/wp-content\/uploads\/2024\/01\/Italian-Military-Cableway-Albania-MdlC-APOR079753-480x512.jpeg"},"post-thumbnail":{"file":"Italian-Military-Cableway-Albania-MdlC-APOR079753-706x398.jpeg","width":706,"height":398,"filesize":44252,"mime_type":"image\/jpeg","source_url":"https:\/\/www.albanien.ch\/une\/wp-content\/uploads\/2024\/01\/Italian-Military-Cableway-Albania-MdlC-APOR079753-706x398.jpeg"},"full":{"file":"Italian-Military-Cableway-Albania-MdlC-APOR079753.jpeg","width":706,"height":512,"mime_type":"image\/jpeg","source_url":"https:\/\/www.albanien.ch\/une\/wp-content\/uploads\/2024\/01\/Italian-Military-Cableway-Albania-MdlC-APOR079753.jpeg"}},"image_meta":{"aperture":"0","credit":"","camera":"","caption":"","created_timestamp":"0","copyright":"","focal_length":"0","iso":"0","shutter_speed":"0","title":"","orientation":"1","keywords":[]}},"post":null,"source_url":"https:\/\/www.albanien.ch\/une\/wp-content\/uploads\/2024\/01\/Italian-Military-Cableway-Albania-MdlC-APOR079753.jpeg","_links":{"self":[{"href":"https:\/\/www.albanien.ch\/une\/wp-json\/wp\/v2\/media\/2480","targetHints":{"allow":["GET"]}}],"collection":[{"href":"https:\/\/www.albanien.ch\/une\/wp-json\/wp\/v2\/media"}],"about":[{"href":"https:\/\/www.albanien.ch\/une\/wp-json\/wp\/v2\/types\/attachment"}],"author":[{"embeddable":true,"href":"https:\/\/www.albanien.ch\/une\/wp-json\/wp\/v2\/users\/6"}],"replies":[{"embeddable":true,"href":"https:\/\/www.albanien.ch\/une\/wp-json\/wp\/v2\/comments?post=2480"}]}}

Italian Military Cableway in Albania 1916 MinistÃ¨re de la Culture APOR079753

<p class="attachment"><a href='https://www.albanien.ch/une/wp-content/uploads/2024/01/Italian-Military-Cableway-Albania-MdlC-APOR079753.jpeg'><img loading="lazy" decoding="async" width="350" height="254" src="https://www.albanien.ch/une/wp-content/uploads/2024/01/Italian-Military-Cableway-Albania-MdlC-APOR079753-350x254.jpeg" class="attachment-medium size-medium" alt="MilitÃ¤rische Seilbahn in Albanien im Gebiet Vjosa â€“ zeitgemÃ¤sses Foto" srcset="https://www.albanien.ch/une/wp-content/uploads/2024/01/Italian-Military-Cableway-Albania-MdlC-APOR079753-350x254.jpeg 350w, https://www.albanien.ch/une/wp-content/uploads/2024/01/Italian-Military-Cableway-Albania-MdlC-APOR079753.jpeg 706w" sizes="auto, (max-width: 350px) 100vw, 350px" /></a></p>
<p>»Sur le front de la Vojussa (Dezember 1916)«</p>
<p>Seilbahn-Gondel in den Bergen Südalbaniens (Vjosa-Front, italienische Armee) mit Reporter Robert Vaucher.</p>
<p>Historisches Foto der Seilbahn aus dem Archiv des französischen Ministeriums für Kultur, 1916</p>
<p>Quelle: <a href="https://www.pop.culture.gouv.fr/notice/memoire/APOR079753" target="_blank" rel="noopener">Katalog » POP : la plateforme ouverte du patrimoine «</a> / Bild Copyright-frei</p>

<p>Foto der Seilbahn in den Bergen Südalbaniens (Vjosa-Front) mit Reporter Robert Vaucher aus dem Archiv des französischen Ministeriums für Kultur, 1916</p>

MilitÃ¤rische Seilbahn in Albanien im Gebiet Vjosa â€“ zeitgemÃ¤sses Foto
