{"version":"1.0","provider_name":"News by newsletter Albanien","provider_url":"https:\/\/www.albanien.ch\/bb","author_name":"Lars","author_url":"https:\/\/www.albanien.ch\/bb\/author\/lars\/","title":"Unaufgeregte Lokalwahlen - News by newsletter Albanien","type":"rich","width":600,"height":338,"html":"<blockquote class=\"wp-embedded-content\" data-secret=\"UC2VdCgTTg\"><a href=\"https:\/\/www.albanien.ch\/bb\/2015\/06\/unaufgeregte-lokalwahlen\/\">Unaufgeregte Lokalwahlen<\/a><\/blockquote><iframe sandbox=\"allow-scripts\" security=\"restricted\" src=\"https:\/\/www.albanien.ch\/bb\/2015\/06\/unaufgeregte-lokalwahlen\/embed\/#?secret=UC2VdCgTTg\" width=\"600\" height=\"338\" title=\"&#8222;Unaufgeregte Lokalwahlen&#8220; &#8211; News by newsletter Albanien\" data-secret=\"UC2VdCgTTg\" frameborder=\"0\" marginwidth=\"0\" marginheight=\"0\" scrolling=\"no\" class=\"wp-embedded-content\"><\/iframe><script type=\"text\/javascript\">\n\/* <![CDATA[ *\/\n\/*! This file is auto-generated *\/\n!function(d,l){\"use strict\";l.querySelector&&d.addEventListener&&\"undefined\"!=typeof URL&&(d.wp=d.wp||{},d.wp.receiveEmbedMessage||(d.wp.receiveEmbedMessage=function(e){var t=e.data;if((t||t.secret||t.message||t.value)&&!\/[^a-zA-Z0-9]\/.test(t.secret)){for(var s,r,n,a=l.querySelectorAll('iframe[data-secret=\"'+t.secret+'\"]'),o=l.querySelectorAll('blockquote[data-secret=\"'+t.secret+'\"]'),c=new RegExp(\"^https?:$\",\"i\"),i=0;i<o.length;i++)o[i].style.display=\"none\";for(i=0;i<a.length;i++)s=a[i],e.source===s.contentWindow&&(s.removeAttribute(\"style\"),\"height\"===t.message?(1e3<(r=parseInt(t.value,10))?r=1e3:~~r<200&&(r=200),s.height=r):\"link\"===t.message&&(r=new URL(s.getAttribute(\"src\")),n=new URL(t.value),c.test(n.protocol))&&n.host===r.host&&l.activeElement===s&&(d.top.location.href=t.value))}},d.addEventListener(\"message\",d.wp.receiveEmbedMessage,!1),l.addEventListener(\"DOMContentLoaded\",function(){for(var e,t,s=l.querySelectorAll(\"iframe.wp-embedded-content\"),r=0;r<s.length;r++)(t=(e=s[r]).getAttribute(\"data-secret\"))||(t=Math.random().toString(36).substring(2,12),e.src+=\"#?secret=\"+t,e.setAttribute(\"data-secret\",t)),e.contentWindow.postMessage({message:\"ready\",secret:t},\"*\")},!1)))}(window,document);\n\/* ]]> *\/\n<\/script>\n","thumbnail_url":"https:\/\/www.albanien.ch\/bb\/wp-content\/uploads\/2015\/06\/OSCE_Wahlen_2015_v2.jpg","thumbnail_width":940,"thumbnail_height":393,"description":"In Albanien wurden am Sonntag auf Lokalebene B\u00fcrgermeister und Stadtparlamente gew\u00e4hlt. Von kleinen Ausnahmen abgesehen verliefen sie problemlos und ruhig. Zwei Tage sp\u00e4ter liegen jetzt Ergebnisse vor. In Tirana gewann der Sozialist Erion Veliaj."}

In Albanien wurden am Sonntag auf Lokalebene Bürgermeister und Stadtparlamente gewählt. Von kleinen Ausnahmen abgesehen verliefen sie problemlos und ruhig. Zwei Tage später liegen jetzt Ergebnisse vor. In Tirana gewann der Sozialist Erion Veliaj.
